63*w + 92. Let x be n(33). What is the highest common divisor of x and 3757?
13
Let t(f) = 1 - 2 + 8 + f**2 - 5*f. Let b = -66 + 72. Let n be t(b). What is the greatest common factor of 13 and n?
13
Suppose -21 = -3*u - 135. Let n = u - -78. Let h be 36/(-5)*n/(-12). What is the greatest common divisor of 6 and h?
6
Suppose 30 = -3*z - 4*l + 78, 0 = z + 5*l - 5. Calculate the highest common factor of z and 410.
10
Let c be 4994/44 - 4/(-8). What is the greatest common divisor of c and 7638?
114
Let h = -5577 + 5693. What is the highest common divisor of 7366 and h?
58
Let x be (-5 + 1 + 1)/((36/8448)/(-1)). Let c = 136 + -92. What is the greatest common divisor of c and x?
44
Suppose 1021 = 10*r + 8171. Let o = r - -1040. What is the highest common divisor of 25 and o?
25
Let a be -194*(104/(-144) - (-2)/9). Let j = a + -97. Let n be 74 + (3 - (-5)/(-2))*j. What is the highest common divisor of 111 and n?
37
Let c be (-35854)/(-195) - (-4)/30. Suppose 0 = -9*y + 1084 - c. Let p be 8*((-625)/(-20) + 0). What is the greatest common divisor of p and y?
50
Suppose 17 = -16*m + 49. Suppose -3 = -m*k + 25. Suppose -2*y = -4*f - 112, 0 = -3*y + 5*f + 151 + 17. Calculate the highest common divisor of k and y.
14
Suppose 5*c = 4*p - 51 + 16, 3*p - 33 = -3*c. Let z be (-2337)/95 + (-4)/p. Let q be (84/30)/((-2)/z). What is the greatest common factor of 7 and q?
7
Suppose -24 = -2*y + 4*m, 3*m + 12 = 3*y - 12. Let k(z) = 65*z + 28. Let p be k(y). What is the greatest common divisor of 36 and p?
36
Let x(j) = -j**3 - 6*j**2 + 29*j - 13. Let i be x(-9). Let s = 32 - i. Calculate the highest common divisor of 105 and s.
21
Let s(h) = 21 - 5*h + 18 - 12 - 13*h. Let v be s(-5). What is the greatest common factor of v and 13?
13
Let a(b) = -1072*b + 3828. Let p be a(3). What is the greatest common factor of 2380 and p?
68
Let d be 53*(-9 + 2) + 2 + -1. Let r = 552 + d. Suppose -18*n = -319 + 67. Calculate the highest common factor of r and n.
14
Let o = 3753 + -3707. What is the highest common factor of o and 10?
2
Let g = 19 + -4. Suppose -710*d + 709*d = -27. Suppose -d - 3 = -5*c + 4*a, 4*c - 65 = -5*a. Calculate the greatest common divisor of c and g.
5
Suppose 3*t = 16 + 23. Suppose 0 = m + 2*x - 275, 0 = 2*m + 10*x - 15*x - 541. What is the greatest common factor of t and m?
13
Suppose -5*f = -f + 16, -18 = -2*s + 3*f. Suppose 84 = -s*h + 10*h. Calculate the highest common divisor of 42 and h.
6
Let b be 21/147 - (-110385)/35. What is the greatest common factor of b and 76?
38
Suppose -123*m - 16657 + 36750 + 50755 = 0. Let f be 570/8 + 3/4. Calculate the highest common divisor of m and f.
72
Suppose 19770 = 5*n + 64*i - 68*i, -i = n - 3945. What is the greatest common divisor of n and 10?
10
Let s be (-3 - 1)*(-225)/12. Let m be ((-1)/(-4))/(95501/(-10612) - -9). Let d = 429 - m. Calculate the highest common divisor of s and d.
25
Let i = -5014 + 5487. Calculate the highest common divisor of 86 and i.
43
Suppose n - 3*p - 7 = 0, 5*n - 29 = -p - 10. Let i(o) = o**3 + 5*o**2 - 12*o + 12. Let w be i(n). What is the highest common divisor of 36 and w?
36
Suppose d - 251 = -2*x + 344, 4*d - 1184 = -4*x. Let m = 683 - x. Suppose -m = -11*h + 3*h. Calculate the greatest common factor of h and 12.
12
Suppose 2*i - 3*i - 71 = -3*j, -3*j - 5*i = -41. Suppose -a + 2848 = -17*a. Let m = a - -222. What is the greatest common factor of m and j?
22
Let j be (12 + -14)*(-1280)/4. What is the highest common factor of 1680 and j?
80
Let s be ((-23)/(-3))/(49/4998). What is the greatest common divisor of 85 and s?
17
Let y = -458 - -682. Let i(j) = 9*j**2 - 5*j + 4. Let u be i(1). Suppose -2*p + 4*k - u + 72 = 0, -5*k = 10. What is the greatest common factor of p and y?
28
Let q = 2795 + -2574. Calculate the highest common factor of q and 459.
17
Let s = 23324 - 23164. What is the greatest common factor of s and 2528?
32
Suppose -9 = -8*z + 7. Let m be 14 + (-1 + z)/(2/(-8)). Suppose 4*y - 5*o - 160 = 0, 0 = 4*y - 3*o + 5*o - 132. What is the greatest common factor of y and m?
5
Let f = -61 + 63. Suppose 11*v + 2*r - 52 = 8*v, r + 30 = f*v. What is the highest common divisor of v and 304?
16
Suppose -4*y = 3*j - 54, -2*j + 9 + 3 = 0. Calculate the highest common factor of y and 8523.
9
Let m(j) = -j**3 - 10*j**2 - 16*j + 3. Let o be m(-8). Suppose o*c + 3*f = 8*c - 151, -f = -c + 29. What is the highest common divisor of 12 and c?
4
Suppose -4 = -108*i + 105*i + 368. Calculate the highest common divisor of i and 8.
4
Suppose -2*n + 968 = 5*y, 350 = 2*y - n - 30. Let t(u) = 8*u + 345. Let f be t(-12). Suppose 7*q = f - 25. What is the greatest common factor of q and y?
32
Suppose -5*r = -f - f - 490, -475 = -5*r - f. Suppose -22*a = -29*a + 168. Calculate the highest common divisor of a and r.
24
Suppose -d = 4*z - 28, -2*d + 4*z = 2*d - 92. Calculate the greatest common factor of 492 and d.
12
Suppose 2*b = -b + 72. Let p = b + -14. Let i = 22 - p. Calculate the greatest common factor of 12 and i.
12
Suppose 0 = 99*g - 103*g + 2*y + 204, -y - 52 = -g. Calculate the highest common divisor of g and 96.
2
Suppose 317*l - 38416 = 162*l + 148*l. What is the greatest common factor of l and 16?
16
Suppose 0 = 29*r + 72*r - 12841 - 5844. Calculate the highest common divisor of r and 148.
37
Suppose 2*r - 70 = -82, -2*r = 2*c - 90. Calculate the greatest common factor of c and 177.
3
Let z be (824/(-12))/(-2) + 6/9. Let o be 103 + 2*z/10. Let g(p) = 2*p**2 - 7*p + 6. Let c be g(4). Calculate the highest common divisor of o and c.
10
Let p = 508 - 696. Let n = p - -239. Calculate the greatest common factor of 221 and n.
17
Suppose -3*f = -5*p + 17, -2*p = 44*f - 39*f - 44. What is the highest common divisor of f and 147?
3
Let k be (-43*(2 + 3))/(-1). Let b = 296 - k. What is the greatest common divisor of b and 135?
27
Suppose -117 = -11*x - 2*x. Let a be 962*((-27)/(-90))/(x/15). What is the highest common divisor of a and 13?
13
Suppose 0 = 4*t + 4*f - 160, -2*t + 0*t = 4*f - 90. Suppose 0 = -4*g + t + 37. Calculate the highest common divisor of g and 234.
18
Let w be 72/28*112/6. Let y be 324/w + 10/8. What is the greatest common factor of y and 8?
8
Let c(m) = 6*m**2 + 56*m + 15. Let a(s) = 17*s + 5. Let o be a(-1). Let q be c(o). What is the highest common divisor of q and 23?
23
Let u be ((3 - (-305)/(-18)) + (-1576)/(-3546))*-4. Suppose 4*k = -o + 209, 263 = 5*o + 3*k - 697. Calculate the greatest common divisor of o and u.
27
Let a = -311 + 313. Suppose 20 = a*n + 4*s, 4*n + s - 32 = -6. Suppose k + 72 = 4*k. What is the greatest common factor of k and n?
6
Suppose 2*s - 4*p - 19 - 33 = 0, 3*s + 5*p = 111. Let u = s - 28. Let q be 1/(1/88*u). What is the highest common factor of 44 and q?
22
Let h = 13307 - 13192. What is the highest common divisor of 6785 and h?
115
Suppose 3*o + 0*o = -3. Suppose 61*v = -21*v - 10084 - 1888. Let d be (10/(-3))/(o - v/150). Calculate the highest common factor of d and 25.
25
Suppose 112*q - 109*q = 897. Let d(p) = -p**3 - p**2 - 2*p - 1. Let g be d(-3). Calculate the greatest common factor of q and g.
23
Let p be 382 - -44 - (-5)/(-10)*-16. What is the highest common divisor of 28 and p?
14
Let f(x) = -2*x**3 - x**2 - x - 12. Let i be f(-4). Let w = 29 + i. Let n be 152/(-16)*-2*1. Calculate the highest common divisor of w and n.
19
Let q(j) = 22*j**2 + 16*j - 2. Let z be q(-2). Suppose r + 14 + 21 = 0. Let o = r + 53. Calculate the highest common divisor of o and z.
18
Let h(s) be the first derivative of s**2/2 + 143*s - 71. Let t be h(18). Calculate the highest common factor of 115 and t.
23
Let a = 1460 - 763. What is the highest common factor of 119 and a?
17
Let t(g) = 80*g + 1387. Let h be t(-17). Calculate the highest common factor of 3609 and h.
9
Let k(b) = -b**3 - 51*b**2 + 611*b + 73. Let z be k(-61). Calculate the greatest common factor of 1236 and z.
12
Suppose -12*k + 550 = 10*k. Suppose -2*o + 5*l + k = 0, 4*l = -2*o + 10 + 6. Let s be -2 - -13 - (-1 - -2). Calculate the highest common divisor of o and s.
10
Let l(h) = h**3 + 11*h**2 - 2*h + 24. Let b = 381 - 391. Let v be l(b). Calculate the greatest common factor of v and 9.
9
Let l = -237 + 223. Let b be 23/(1127/10206) + 4/l. Calculate the highest common divisor of